[INFO] cloning repository https://github.com/gaconkzk/flies-auth
[INFO] running `Command { std: "git" "-c" "credential.helper=" "-c" "credential.helper=/workspace/cargo-home/bin/git-credential-null" "clone" "--bare" "https://github.com/gaconkzk/flies-auth" "/workspace/cache/git-repos/https%3A%2F%2Fgithub.com%2Fgaconkzk%2Fflies-auth", kill_on_drop: false }`
[INFO] [stderr] Cloning into bare repository '/workspace/cache/git-repos/https%3A%2F%2Fgithub.com%2Fgaconkzk%2Fflies-auth'...
[INFO] running `Command { std: "git" "rev-parse" "HEAD", kill_on_drop: false }`
[INFO] [stdout] d5fad403b7d8c752bedec64d45912aa21fa30382
[INFO] building gaconkzk/flies-auth against master#ff34b919075f35a1787659e9c448a34b06bab8de for issue-85264
[INFO] running `Command { std: "git" "clone" "/workspace/cache/git-repos/https%3A%2F%2Fgithub.com%2Fgaconkzk%2Fflies-auth" "/workspace/builds/worker-9/source", kill_on_drop: false }`
[INFO] [stderr] Cloning into '/workspace/builds/worker-9/source'...
[INFO] [stderr] done.
[INFO] validating manifest of git repo https://github.com/gaconkzk/flies-auth on toolchain ff34b919075f35a1787659e9c448a34b06bab8de
[INFO] running `Command { std: "/workspace/cargo-home/bin/cargo" "+ff34b919075f35a1787659e9c448a34b06bab8de" "metadata" "--manifest-path" "Cargo.toml" "--no-deps", kill_on_drop: false }`
[INFO] started tweaking git repo https://github.com/gaconkzk/flies-auth
[INFO] finished tweaking git repo https://github.com/gaconkzk/flies-auth
[INFO] tweaked toml for git repo https://github.com/gaconkzk/flies-auth written to /workspace/builds/worker-9/source/Cargo.toml
[INFO] crate git repo https://github.com/gaconkzk/flies-auth already has a lockfile, it will not be regenerated
[INFO] running `Command { std: "/workspace/cargo-home/bin/cargo" "+ff34b919075f35a1787659e9c448a34b06bab8de" "fetch" "--manifest-path" "Cargo.toml", kill_on_drop: false }`
[INFO] [stderr]     Blocking waiting for file lock on package cache
[INFO] running `Command { std: "docker" "create" "-v" "/var/lib/crater-agent-workspace/builds/worker-9/target:/opt/rustwide/target:rw,Z" "-v" "/var/lib/crater-agent-workspace/builds/worker-9/source:/opt/rustwide/workdir:ro,Z" "-v" "/var/lib/crater-agent-workspace/cargo-home:/opt/rustwide/cargo-home:ro,Z" "-v" "/var/lib/crater-agent-workspace/rustup-home:/opt/rustwide/rustup-home:ro,Z" "-e" "SOURCE_DIR=/opt/rustwide/workdir" "-e" "CARGO_TARGET_DIR=/opt/rustwide/target" "-e" "CARGO_HOME=/opt/rustwide/cargo-home" "-e" "RUSTUP_HOME=/opt/rustwide/rustup-home" "-w" "/opt/rustwide/workdir" "-m" "1610612736" "--user" "0:0" "--network" "none" "ghcr.io/rust-lang/crates-build-env/linux@sha256:20528e8c29e4536546f0102ce88568b16ea7538393a33fcca951030f7af10457" "/opt/rustwide/cargo-home/bin/cargo" "+ff34b919075f35a1787659e9c448a34b06bab8de" "metadata" "--no-deps" "--format-version=1", kill_on_drop: false }`
[INFO] [stdout] 811b41f7fbceb8c733942dbf8b2612316adce99bc546a6b34a973d69e472c2b8
[INFO] [stderr] WARNING: Your kernel does not support swap limit capabilities or the cgroup is not mounted. Memory limited without swap.
[INFO] running `Command { std: "docker" "start" "-a" "811b41f7fbceb8c733942dbf8b2612316adce99bc546a6b34a973d69e472c2b8", kill_on_drop: false }`
[INFO] running `Command { std: "docker" "inspect" "811b41f7fbceb8c733942dbf8b2612316adce99bc546a6b34a973d69e472c2b8", kill_on_drop: false }`
[INFO] running `Command { std: "docker" "rm" "-f" "811b41f7fbceb8c733942dbf8b2612316adce99bc546a6b34a973d69e472c2b8", kill_on_drop: false }`
[INFO] [stdout] 811b41f7fbceb8c733942dbf8b2612316adce99bc546a6b34a973d69e472c2b8
[INFO] running `Command { std: "docker" "create" "-v" "/var/lib/crater-agent-workspace/builds/worker-9/target:/opt/rustwide/target:rw,Z" "-v" "/var/lib/crater-agent-workspace/builds/worker-9/source:/opt/rustwide/workdir:ro,Z" "-v" "/var/lib/crater-agent-workspace/cargo-home:/opt/rustwide/cargo-home:ro,Z" "-v" "/var/lib/crater-agent-workspace/rustup-home:/opt/rustwide/rustup-home:ro,Z" "-e" "SOURCE_DIR=/opt/rustwide/workdir" "-e" "CARGO_TARGET_DIR=/opt/rustwide/target" "-e" "CARGO_INCREMENTAL=0" "-e" "RUST_BACKTRACE=full" "-e" "RUSTFLAGS=--cap-lints=forbid" "-e" "CARGO_HOME=/opt/rustwide/cargo-home" "-e" "RUSTUP_HOME=/opt/rustwide/rustup-home" "-w" "/opt/rustwide/workdir" "-m" "1610612736" "--user" "0:0" "--network" "none" "ghcr.io/rust-lang/crates-build-env/linux@sha256:20528e8c29e4536546f0102ce88568b16ea7538393a33fcca951030f7af10457" "/opt/rustwide/cargo-home/bin/cargo" "+ff34b919075f35a1787659e9c448a34b06bab8de" "build" "--frozen" "--message-format=json", kill_on_drop: false }`
[INFO] [stdout] 25ebe11ebfb2761634ef9f439f49af55b3292c6e775738d54f5e0e0cf0b07bc0
[INFO] [stderr] WARNING: Your kernel does not support swap limit capabilities or the cgroup is not mounted. Memory limited without swap.
[INFO] running `Command { std: "docker" "start" "-a" "25ebe11ebfb2761634ef9f439f49af55b3292c6e775738d54f5e0e0cf0b07bc0", kill_on_drop: false }`
[INFO] [stderr]    Compiling libc v0.2.60
[INFO] [stderr]    Compiling cfg-if v0.1.9
[INFO] [stderr]    Compiling spin v0.5.0
[INFO] [stderr]    Compiling either v1.5.2
[INFO] [stderr]    Compiling autocfg v0.1.5
[INFO] [stderr]    Compiling arrayvec v0.4.11
[INFO] [stderr]    Compiling nodrop v0.1.13
[INFO] [stderr]    Compiling rayon-core v1.5.0
[INFO] [stderr]    Compiling rand_core v0.4.0
[INFO] [stderr]    Compiling semver-parser v0.7.0
[INFO] [stderr]    Compiling log v0.4.7
[INFO] [stderr]    Compiling byteorder v1.3.2
[INFO] [stderr]    Compiling proc-macro2 v0.4.30
[INFO] [stderr]    Compiling unicode-xid v0.1.0
[INFO] [stderr]    Compiling syn v0.15.40
[INFO] [stderr]    Compiling smallvec v0.6.10
[INFO] [stderr]    Compiling futures v0.1.28
[INFO] [stderr]    Compiling fnv v1.0.6
[INFO] [stderr]    Compiling memchr v2.2.1
[INFO] [stderr]    Compiling stable_deref_trait v1.1.1
[INFO] [stderr]    Compiling encoding_index_tests v0.1.4
[INFO] [stderr]    Compiling rustc-demangle v0.1.15
[INFO] [stderr]    Compiling failure_derive v0.1.5
[INFO] [stderr]    Compiling ucd-util v0.1.5
[INFO] [stderr]    Compiling utf8-ranges v1.0.3
[INFO] [stderr]    Compiling bitflags v1.1.0
[INFO] [stderr]    Compiling itoa v0.4.4
[INFO] [stderr]    Compiling serde v1.0.97
[INFO] [stderr]    Compiling scopeguard v1.0.0
[INFO] [stderr]    Compiling percent-encoding v1.0.1
[INFO] [stderr]    Compiling quick-error v1.2.2
[INFO] [stderr]    Compiling ryu v1.0.0
[INFO] [stderr]    Compiling crc32fast v1.2.0
[INFO] [stderr]    Compiling pkg-config v0.3.14
[INFO] [stderr]    Compiling siphasher v0.2.3
[INFO] [stderr]    Compiling indexmap v1.0.2
[INFO] [stderr]    Compiling glob v0.2.11
[INFO] [stderr]    Compiling encoding_rs v0.8.17
[INFO] [stderr]    Compiling ppv-lite86 v0.2.5
[INFO] [stderr]    Compiling linked-hash-map v0.5.2
[INFO] [stderr]    Compiling dtoa v0.4.4
[INFO] [stderr]    Compiling copyless v0.1.4
[INFO] [stderr]    Compiling unicode-width v0.1.5
[INFO] [stderr]    Compiling foreign-types-shared v0.1.1
[INFO] [stderr]    Compiling openssl v0.10.24
[INFO] [stderr]    Compiling arc-swap v0.3.11
[INFO] [stderr]    Compiling ansi_term v0.11.0
[INFO] [stderr]    Compiling bindgen v0.48.1
[INFO] [stderr]    Compiling strsim v0.8.0
[INFO] [stderr]    Compiling termcolor v1.0.5
[INFO] [stderr]    Compiling try-lock v0.2.2
[INFO] [stderr]    Compiling native-tls v0.2.3
[INFO] [stderr]    Compiling vec_map v0.8.1
[INFO] [stderr]    Compiling untrusted v0.6.2
[INFO] [stderr]    Compiling hashbrown v0.5.0
[INFO] [stderr]    Compiling peeking_take_while v0.1.2
[INFO] [stderr]    Compiling sha1 v0.6.0
[INFO] [stderr]    Compiling language-tags v0.2.2
[INFO] [stderr]    Compiling remove_dir_all v0.5.2
[INFO] [stderr]    Compiling openssl-probe v0.1.2
[INFO] [stderr]    Compiling pq-sys v0.4.6
[INFO] [stderr]    Compiling unicase v1.4.2
[INFO] [stderr]    Compiling unicase v2.4.0
[INFO] [stderr]    Compiling nom v4.2.3
[INFO] [stderr]    Compiling error-chain v0.12.1
[INFO] [stderr]    Compiling try_from v0.3.2
[INFO] [stderr]    Compiling encoding-index-singlebyte v1.20141219.5
[INFO] [stderr]    Compiling encoding-index-japanese v1.20141219.5
[INFO] [stderr]    Compiling encoding-index-tradchinese v1.20141219.5
[INFO] [stderr]    Compiling encoding-index-korean v1.20141219.5
[INFO] [stderr]    Compiling encoding-index-simpchinese v1.20141219.5
[INFO] [stderr]    Compiling humantime v1.2.0
[INFO] [stderr]    Compiling owning_ref v0.4.0
[INFO] [stderr]    Compiling lock_api v0.2.0
[INFO] [stderr]    Compiling lock_api v0.3.1
[INFO] [stderr]    Compiling miniz_oxide v0.3.0
[INFO] [stderr]    Compiling lazy_static v1.3.0
[INFO] [stderr]    Compiling regex-syntax v0.6.10
[INFO] [stderr]    Compiling semver v0.9.0
[INFO] [stderr]    Compiling rand_core v0.3.1
[INFO] [stderr]    Compiling rand_jitter v0.1.4
[INFO] [stderr]    Compiling foreign-types v0.3.2
[INFO] [stderr]    Compiling textwrap v0.11.0
[INFO] [stderr]    Compiling unicode-normalization v0.1.8
[INFO] [stderr]    Compiling lru-cache v0.1.2
[INFO] [stderr]    Compiling rand_pcg v0.1.2
[INFO] [stderr]    Compiling rand_chacha v0.1.1
[INFO] [stderr]    Compiling rand v0.6.5
[INFO] [stderr]    Compiling num-traits v0.2.8
[INFO] [stderr]    Compiling num-integer v0.1.41
[INFO] [stderr]    Compiling rand_chacha v0.2.0
[INFO] [stderr]    Compiling lock_api v0.1.5
[INFO] [stderr]    Compiling rand_hc v0.1.0
[INFO] [stderr]    Compiling rand_xorshift v0.1.1
[INFO] [stderr]    Compiling rand_isaac v0.1.1
[INFO] [stderr]    Compiling crossbeam-utils v0.6.5
[INFO] [stderr]    Compiling thread_local v0.3.6
[INFO] [stderr]    Compiling c2-chacha v0.2.2
[INFO] [stderr]    Compiling rustc_version v0.2.3
[INFO] [stderr]    Compiling tokio-sync v0.1.6
[INFO] [stderr]    Compiling actix-service v0.4.1
[INFO] [stderr]    Compiling want v0.2.0
[INFO] [stderr]    Compiling encoding v0.2.33
[INFO] [stderr]    Compiling clang-sys v0.26.4
[INFO] [stderr]    Compiling base64 v0.10.1
[INFO] [stderr]    Compiling hashbrown v0.1.8
[INFO] [stderr]    Compiling crossbeam-queue v0.1.2
[INFO] [stderr]    Compiling tokio-executor v0.1.8
[INFO] [stderr]    Compiling phf_shared v0.7.24
[INFO] [stderr]    Compiling mime v0.3.13
[INFO] [stderr]    Compiling crossbeam-epoch v0.7.1
[INFO] [stderr]    Compiling phf v0.7.24
[INFO] [stderr]    Compiling aho-corasick v0.7.4
[INFO] [stderr]    Compiling tokio-timer v0.2.11
[INFO] [stderr]    Compiling tokio-current-thread v0.1.6
[INFO] [stderr]    Compiling quote v0.6.13
[INFO] [stderr]    Compiling parking_lot_core v0.4.0
[INFO] [stderr]    Compiling parking_lot_core v0.5.0
[INFO] [stderr]    Compiling parking_lot v0.8.0
[INFO] [stderr]    Compiling parking_lot_core v0.6.2
[INFO] [stderr]    Compiling parking_lot v0.9.0
[INFO] [stderr]    Compiling hyper v0.12.33
[INFO] [stderr]    Compiling idna v0.1.5
[INFO] [stderr]    Compiling num_cpus v1.10.1
[INFO] [stderr]    Compiling rand_os v0.1.3
[INFO] [stderr]    Compiling iovec v0.1.2
[INFO] [stderr]    Compiling net2 v0.2.33
[INFO] [stderr]    Compiling time v0.1.42
[INFO] [stderr]    Compiling getrandom v0.1.6
[INFO] [stderr]    Compiling socket2 v0.3.9
[INFO] [stderr]    Compiling hostname v0.1.5
[INFO] [stderr]    Compiling atty v0.2.13
[INFO] [stderr]    Compiling signal-hook-registry v1.0.1
[INFO] [stderr]    Compiling rand v0.4.6
[INFO] [stderr]    Compiling crossbeam-deque v0.6.3
[INFO] [stderr]    Compiling crossbeam-deque v0.7.1
[INFO] [stderr]    Compiling bytes v0.4.12
[INFO] [stderr]    Compiling threadpool v1.7.1
[INFO] [stderr]    Compiling futures-cpupool v0.1.8
[INFO] [stderr]    Compiling resolv-conf v0.6.2
[INFO] [stderr]    Compiling clap v2.33.0
[INFO] [stderr]    Compiling rand_core v0.5.0
[INFO] [stderr]    Compiling mio v0.6.19
[INFO] [stderr]    Compiling signal-hook v0.1.10
[INFO] [stderr]    Compiling tokio-io v0.1.12
[INFO] [stderr]    Compiling http v0.1.17
[INFO] [stderr]    Compiling string v0.2.1
[INFO] [stderr]    Compiling tokio-buf v0.1.1
[INFO] [stderr]    Compiling url v1.7.2
[INFO] [stderr]    Compiling cexpr v0.3.5
[INFO] [stderr]    Compiling tempdir v0.3.7
[INFO] [stderr]    Compiling rand v0.7.0
[INFO] [stderr]    Compiling phf_generator v0.7.24
[INFO] [stderr]    Compiling tokio-threadpool v0.1.15
[INFO] [stderr]    Compiling rayon v1.1.0
[INFO] [stderr]    Compiling phf_codegen v0.7.24
[INFO] [stderr]    Compiling tokio-codec v0.1.1
[INFO] [stderr]    Compiling scheduled-thread-pool v0.2.2
[INFO] [stderr]    Compiling mime_guess v2.0.0-alpha.6
[INFO] [stderr]    Compiling parking_lot v0.7.1
[INFO] [stderr]    Compiling actix-codec v0.1.2
[INFO] [stderr]    Compiling regex v1.2.0
[INFO] [stderr]    Compiling mio-uds v0.6.7
[INFO] [stderr]    Compiling r2d2 v0.8.5
[INFO] [stderr]    Compiling actix-utils v0.4.5
[INFO] [stderr]    Compiling cookie v0.12.0
[INFO] [stderr]    Compiling tokio-reactor v0.1.9
[INFO] [stderr]    Compiling tokio-tcp v0.1.3
[INFO] [stderr]    Compiling tokio-udp v0.1.3
[INFO] [stderr]    Compiling tokio-signal v0.2.7
[INFO] [stderr]    Compiling env_logger v0.6.2
[INFO] [stderr]    Compiling actix-server-config v0.1.2
[INFO] [stderr]    Compiling tokio v0.1.22
[INFO] [stderr]    Compiling cc v1.0.37
[INFO] [stderr]    Compiling h2 v0.1.25
[INFO] [stderr]    Compiling http-body v0.1.0
[INFO] [stderr]    Compiling backtrace-sys v0.1.31
[INFO] [stderr]    Compiling miniz-sys v0.1.12
[INFO] [stderr]    Compiling openssl-sys v0.9.48
[INFO] [stderr]    Compiling miniz_oxide_c_api v0.2.3
[INFO] [stderr]    Compiling libloading v0.5.2
[INFO] [stderr]    Compiling brotli-sys v0.3.2
[INFO] [stderr]    Compiling ring v0.14.6
[INFO] [stderr] error: failed to run custom build command for `brotli-sys v0.3.2`
[INFO] [stderr] 
[INFO] [stderr] Caused by:
[INFO] [stderr]   process didn't exit successfully: `/opt/rustwide/target/debug/build/brotli-sys-4fa097a71ce51949/build-script-build` (signal: 6, SIGABRT: process abort signal)
[INFO] [stderr]   --- stdout
[INFO] [stderr]   cargo:include=/opt/rustwide/cargo-home/registry/src/github.com-1ecc6299db9ec823/brotli-sys-0.3.2/brotli/include
[INFO] [stderr]   NUM_JOBS = Some("32")
[INFO] [stderr] 
[INFO] [stderr]   --- stderr
[INFO] [stderr]   fatal: not a git repository (or any parent up to mount point /opt/rustwide)
[INFO] [stderr]   Stopping at filesystem boundary (GIT_DISCOVERY_ACROSS_FILESYSTEM not set).
[INFO] [stderr]   thread '<unnamed>' panicked at 'attempted to leave type `internal::Local` uninitialized, which is invalid', /rustc/ff34b919075f35a1787659e9c448a34b06bab8de/library/core/src/mem/mod.rs:660:9
[INFO] [stderr]   stack backtrace:
[INFO] [stderr]   thread '<unnamed>' panicked at 'attempted to leave type `internal::Local` uninitialized, which is invalidthread '', <unnamed>/rustc/ff34b919075f35a1787659e9c448a34b06bab8de/library/core/src/mem/mod.rs' panicked at ':attempted to leave type `internal::Local` uninitialized, which is invalid660', :/rustc/ff34b919075f35a1787659e9c448a34b06bab8de/library/core/src/mem/mod.rs9:660:9
[INFO] [stderr] 
[INFO] [stderr]   thread '<unnamed>' panicked at 'attempted to leave type `internal::Local` uninitialized, which is invalid', /rustc/ff34b919075f35a1787659e9c448a34b06bab8de/library/core/src/mem/mod.rs:660:9
[INFO] [stderr]   thread '<unnamed>' panicked at 'attempted to leave type `internal::Local` uninitialized, which is invalid', /rustc/ff34b919075f35a1787659e9c448a34b06bab8de/library/core/src/mem/mod.rs:660:9
[INFO] [stderr]   thread '<unnamed>' panicked at 'attempted to leave type `internal::Local` uninitialized, which is invalid', /rustc/ff34b919075f35a1787659e9c448a34b06bab8de/library/core/src/mem/mod.rs:660:9
[INFO] [stderr]   thread '<unnamed>' panicked at 'attempted to leave type `internal::Local` uninitialized, which is invalid', /rustc/ff34b919075f35a1787659e9c448a34b06bab8de/library/core/src/mem/mod.rs:660:9
[INFO] [stderr]   thread '<unnamed>' panicked at 'thread '<unnamed>' panicked at 'attempted to leave type `internal::Local` uninitialized, which is invalid', /rustc/ff34b919075f35a1787659e9c448a34b06bab8de/library/core/src/mem/mod.rsattempted to leave type `internal::Local` uninitialized, which is invalid:660:9
[INFO] [stderr]   ', /rustc/ff34b919075f35a1787659e9c448a34b06bab8de/library/core/src/mem/mod.rs:thread '<unnamed>' panicked at 'attempted to leave type `internal::Local` uninitialized, which is invalid', /rustc/ff34b919075f35a1787659e9c448a34b06bab8de/library/core/src/mem/mod.rs:660:9
[INFO] [stderr]   660:9
[INFO] [stderr]   thread '<unnamed>' panicked at 'attempted to leave type `internal::Local` uninitialized, which is invalid', /rustc/ff34b919075f35a1787659e9c448a34b06bab8de/library/core/src/mem/mod.rs:660:9
[INFO] [stderr]   thread '<unnamed>' panicked at 'attempted to leave type `internal::Local` uninitialized, which is invalid', /rustc/ff34b919075f35a1787659e9c448a34b06bab8de/library/core/src/mem/mod.rs:660:9
[INFO] [stderr]   thread '<unnamed>' panicked at 'attempted to leave type `internal::Local` uninitialized, which is invalid', /rustc/ff34b919075f35a1787659e9c448a34b06bab8de/library/core/src/mem/mod.rs:660:9
[INFO] [stderr]   thread 'thread '<unnamed>' panicked at 'attempted to leave type `internal::Local` uninitialized, which is invalid', /rustc/ff34b919075f35a1787659e9c448a34b06bab8de/library/core/src/mem/mod.rs:660:9
[INFO] [stderr]   thread '<unnamed>' panicked at 'attempted to leave type `internal::Local` uninitialized, which is invalid', /rustc/ff34b919075f35a1787659e9c448a34b06bab8de/library/core/src/mem/mod.rs:660:9
[INFO] [stderr]   thread '<unnamed>' panicked at 'attempted to leave type `internal::Local` uninitialized, which is invalidthread '<unnamed>' panicked at 'attempted to leave type `internal::Local` uninitialized, which is invalid', /rustc/ff34b919075f35a1787659e9c448a34b06bab8de/library/core/src/mem/mod.rs:660:9
[INFO] [stderr]   ', /rustc/ff34b919075f35a1787659e9c448a34b06bab8de/library/core/src/mem/mod.rs:660:thread '<unnamed>' panicked at 'attempted to leave type `internal::Local` uninitialized, which is invalid', /rustc/ff34b919075f35a1787659e9c448a34b06bab8de/library/core/src/mem/mod.rs:660:9
[INFO] [stderr]   9
[INFO] [stderr]   <unnamed>' panicked at 'attempted to leave type `internal::Local` uninitialized, which is invalidthread '<unnamed>' panicked at 'attempted to leave type `internal::Local` uninitialized, which is invalid', /rustc/ff34b919075f35a1787659e9c448a34b06bab8de/library/core/src/mem/mod.rs:660:9
[INFO] [stderr]   ', /rustc/ff34b919075f35a1787659e9c448a34b06bab8de/library/core/src/mem/mod.rs:660:thread '9<unnamed>' panicked at 'attempted to leave type `internal::Local` uninitialized, which is invalid', /rustc/ff34b919075f35a1787659e9c448a34b06bab8de/library/core/src/mem/mod.rs:660:9
[INFO] [stderr] 
[INFO] [stderr]   thread '<unnamed>' panicked at 'attempted to leave type `internal::Local` uninitialized, which is invalid', /rustc/ff34b919075f35a1787659e9c448a34b06bab8de/library/core/src/mem/mod.rs:660:9
[INFO] [stderr]   thread '<unnamed>' panicked at 'attempted to leave type `internal::Local` uninitialized, which is invalid', /rustc/ff34b919075f35a1787659e9c448a34b06bab8de/library/core/src/mem/mod.rs:660:9
[INFO] [stderr]   thread 'thread '<unnamed>' panicked at 'attempted to leave type `internal::Local` uninitialized, which is invalid', /rustc/ff34b919075f35a1787659e9c448a34b06bab8de/library/core/src/mem/mod.rs:660:9
[INFO] [stderr]   <unnamed>' panicked at 'attempted to leave type `internal::Local` uninitialized, which is invalidthread '', /rustc/ff34b919075f35a1787659e9c448a34b06bab8de/library/core/src/mem/mod.rs:660:9
[INFO] [stderr]   thread '<unnamed>' panicked at 'thread '<unnamed>' panicked at 'attempted to leave type `internal::Local` uninitialized, which is invalid', /rustc/ff34b919075f35a1787659e9c448a34b06bab8de/library/core/src/mem/mod.rs:660:9
[INFO] [stderr]   attempted to leave type `internal::Local` uninitialized, which is invalidthread '', <unnamed>/rustc/ff34b919075f35a1787659e9c448a34b06bab8de/library/core/src/mem/mod.rs' panicked at ':attempted to leave type `internal::Local` uninitialized, which is invalid660', :/rustc/ff34b919075f35a1787659e9c448a34b06bab8de/library/core/src/mem/mod.rs9:
[INFO] [stderr]   660:9
[INFO] [stderr]   <unnamed>thread '' panicked at '<unnamed>attempted to leave type `internal::Local` uninitialized, which is invalid' panicked at '', attempted to leave type `internal::Local` uninitialized, which is invalid/rustc/ff34b919075f35a1787659e9c448a34b06bab8de/library/core/src/mem/mod.rs', :/rustc/ff34b919075f35a1787659e9c448a34b06bab8de/library/core/src/mem/mod.rs660::6609:
[INFO] [stderr]   9
[INFO] [stderr]      0:     0x559a2f362a80 - std::thread '<unnamed>' panicked at 'attempted to leave type `internal::Local` uninitialized, which is invalid', /rustc/ff34b919075f35a1787659e9c448a34b06bab8de/library/core/src/mem/mod.rs:660:9
[INFO] [stderr]   backtrace_rs::backtracethread '<unnamed>' panicked at 'attempted to leave type `internal::Local` uninitialized, which is invalid', /rustc/ff34b919075f35a1787659e9c448a34b06bab8de/library/core/src/mem/mod.rs:660:9
[INFO] [stderr]   ::libunwind::trace::hdcf4f90f85129e83
[INFO] [stderr]                                  at /rustc/ff34b919075f35a1787659e9c448a34b06bab8de/library/std/src/../../backtrace/src/backtrace/libunwind.rs:90:5
[INFO] [stderr]      1:     0x559a2f362a80 - std::backtrace_rs::backtrace::trace_unsynchronized::h2669e30cb82f6732
[INFO] [stderr]                                  at /rustc/ff34b919075f35a1787659e9c448a34b06bab8de/library/std/src/../../backtrace/src/backtrace/mod.rs:66:5
[INFO] [stderr]      2:     0x559a2f362a80 - std::sys_common::backtrace::_print_fmt::hfbda19e17f6db318
[INFO] [stderr]                                  at /rustc/ff34b919075f35a1787659e9c448a34b06bab8de/library/std/src/sys_common/backtrace.rs:67:5
[INFO] [stderr]      3:     0x559a2f362a80 - <std::sys_common::backtrace::_print::DisplayBacktrace as core::fmt::Display>::fmt::h1a8751bf59281272
[INFO] [stderr]                                  at /rustc/ff34b919075f35a1787659e9c448a34b06bab8de/library/std/src/sys_common/backtrace.rs:46:22
[INFO] [stderr]      4:     0x559a2f38285f - core::fmt::write::h7aa6cd0067dca82a
[INFO] [stderr]                                  at /rustc/ff34b919075f35a1787659e9c448a34b06bab8de/library/core/src/fmt/mod.rs:1094:17
[INFO] [stderr]      5:     0x559a2f35f185 - std::io::Write::write_fmt::hd7dd3a1df9b6befb
[INFO] [stderr]                                  at /rustc/ff34b919075f35a1787659e9c448a34b06bab8de/library/std/src/io/mod.rs:1584:15
[INFO] [stderr]      6:     0x559a2f364cdb - std::sys_common::backtrace::_print::h551e9ec8a9fa8106
[INFO] [stderr]                                  at /rustc/ff34b919075f35a1787659e9c448a34b06bab8de/library/std/src/sys_common/backtrace.rs:49:5
[INFO] [stderr]      7:     0x559a2f364cdb - std::sys_common::backtrace::print::ha4b1c5e95fa040b3
[INFO] [stderr]                                  at /rustc/ff34b919075f35a1787659e9c448a34b06bab8de/library/std/src/sys_common/backtrace.rs:36:9
[INFO] [stderr]      8:     0x559a2f364cdb - std::panicking::default_hook::{{closure}}::h0b34c9ab7fb9f857
[INFO] [stderr]                                  at /rustc/ff34b919075f35a1787659e9c448a34b06bab8de/library/std/src/panicking.rs:208:50
[INFO] [stderr]      9:     0x559a2f3647bd - std::panicking::default_hook::h3067e8318decd17a
[INFO] [stderr]                                  at /rustc/ff34b919075f35a1787659e9c448a34b06bab8de/library/std/src/panicking.rs:225:9
[INFO] [stderr]     10:     0x559a2f36528d - std::panicking::rust_panic_with_hook::h81b8facc50f34daa
[INFO] [stderr]                                  at /rustc/ff34b919075f35a1787659e9c448a34b06bab8de/library/std/src/panicking.rs:591:17
[INFO] [stderr]     11:     0x559a2f364e57 - std::panicking::begin_panic_handler::{{closure}}::ha376ab85d95a000e
[INFO] [stderr]                                  at /rustc/ff34b919075f35a1787659e9c448a34b06bab8de/library/std/src/panicking.rs:495:13
[INFO] [stderr]     12:     0x559a2f362f3c - std::sys_common::backtrace::__rust_end_short_backtrace::h6795c8afdd1a77e6
[INFO] [stderr]                                  at /rustc/ff34b919075f35a1787659e9c448a34b06bab8de/library/std/src/sys_common/backtrace.rs:141:18
[INFO] [stderr]     13:     0x559a2f364de9 - rust_begin_unwind
[INFO] [stderr]                                  at /rustc/ff34b919075f35a1787659e9c448a34b06bab8de/library/std/src/panicking.rs:493:5
[INFO] [stderr]     14:     0x559a2f2bd371 - core::panicking::panic_fmt::hbe99dddd3092ba3c
[INFO] [stderr]                                  at /rustc/ff34b919075f35a1787659e9c448a34b06bab8de/library/core/src/panicking.rs:92:14
[INFO] [stderr]     15:     0x559a2f2bd2bd - core::panicking::panic::h3de4db67bd397eb3
[INFO] [stderr]                                  at /rustc/ff34b919075f35a1787659e9c448a34b06bab8de/library/core/src/panicking.rs:50:5
[INFO] [stderr]     16:     0x559a2f3381d3 - core::mem::uninitialized::h06b0c1f57e71e1f3
[INFO] [stderr]                                  at /rustc/ff34b919075f35a1787659e9c448a34b06bab8de/library/core/src/mem/mod.rs:660:9
[INFO] [stderr]     17:     0x559a2f3381d3 - <crossbeam_epoch::internal::Local as crossbeam_epoch::sync::list::IsElement<crossbeam_epoch::internal::Local>>::entry_of::h238a37eebd67efbe
[INFO] [stderr]                                  at /opt/rustwide/cargo-home/registry/src/github.com-1ecc6299db9ec823/crossbeam-epoch-0.7.1/src/internal.rs:493:59
[INFO] [stderr]     18:     0x559a2f340800 - crossbeam_epoch::sync::list::List<T,C>::insert::h7ee82660cb501f93
[INFO] [stderr]                                  at /opt/rustwide/cargo-home/registry/src/github.com-1ecc6299db9ec823/crossbeam-epoch-0.7.1/src/sync/list.rs:176:29
[INFO] [stderr]     19:     0x559a2f3375d4 - crossbeam_epoch::internal::Local::register::hb4bd024d986ea823
[INFO] [stderr]                                  at /opt/rustwide/cargo-home/registry/src/github.com-1ecc6299db9ec823/crossbeam-epoch-0.7.1/src/internal.rs:291:13
[INFO] [stderr]     20:     0x559a2f33e9ee - crossbeam_epoch::collector::Collector::register::h6a946a1cdcdd38a8
[INFO] [stderr]                                  at /opt/rustwide/cargo-home/registry/src/github.com-1ecc6299db9ec823/crossbeam-epoch-0.7.1/src/collector.rs:39:9
[INFO] [stderr]     21:     0x559a2f338db1 - crossbeam_epoch::default::HANDLE::__init::h8ec2092afab89e0e
[INFO] [stderr]                                  at /opt/rustwide/cargo-home/registry/src/github.com-1ecc6299db9ec823/crossbeam-epoch-0.7.1/src/default.rs:17:34
[INFO] [stderr]     22:     0x559a2f33ef29 - core::ops::function::FnOnce::call_once::hb403a81c6ec4392e
[INFO] [stderr]                                  at /rustc/ff34b919075f35a1787659e9c448a34b06bab8de/library/core/src/ops/function.rs:227:5
[INFO] [stderr]     23:     0x559a2f339c3c - std::thread::local::lazy::LazyKeyInner<T>::initialize::h8afba96fc71d1fb8
[INFO] [stderr]                                  at /rustc/ff34b919075f35a1787659e9c448a34b06bab8de/library/std/src/thread/local.rs:408:25
[INFO] [stderr]     24:     0x559a2f340d7a - std::thread::local::fast::Key<T>::try_initialize::h7ce4770d4b6b5d27
[INFO] [stderr]                                  at /rustc/ff34b919075f35a1787659e9c448a34b06bab8de/library/std/src/thread/local.rs:586:31
[INFO] [stderr]     25:     0x559a2f340ecc - std::thread::local::fast::Key<T>::get::h176ea1188b9a62ae
[INFO] [stderr]                                  at /rustc/ff34b919075f35a1787659e9c448a34b06bab8de/library/std/src/thread/local.rs:569:29
[INFO] [stderr]     26:     0x559a2f338ddd - crossbeam_epoch::default::HANDLE::__getit::h7acdd9e678f6a110
[INFO] [stderr]                                  at /rustc/ff34b919075f35a1787659e9c448a34b06bab8de/library/std/src/thread/local.rs:287:26
[INFO] [stderr]     27:     0x559a2f321335 - std::thread::local::LocalKey<T>::try_with::hb599fcf22ed7a67c
[INFO] [stderr]                                  at /rustc/ff34b919075f35a1787659e9c448a34b06bab8de/library/std/src/thread/local.rs:375:32
[INFO] [stderr]     28:     0x559a2f31d203 - crossbeam_epoch::default::with_handle::h80ce847ad8d441f8
[INFO] [stderr]                                  at /opt/rustwide/cargo-home/registry/src/github.com-1ecc6299db9ec823/crossbeam-epoch-0.7.1/src/default.rs:42:5
[INFO] [stderr]     29:     0x559a2f31d4e7 - crossbeam_epoch::default::is_pinned::h1381a166a681cec3
[INFO] [stderr]                                  at /opt/rustwide/cargo-home/registry/src/github.com-1ecc6299db9ec823/crossbeam-epoch-0.7.1/src/default.rs:29:5
[INFO] [stderr]     30:     0x559a2f329e00 - crossbeam_deque::Stealer<T>::steal::ha04acebff37b8620
[INFO] [stderr]                                  at /opt/rustwide/cargo-home/registry/src/github.com-1ecc6299db9ec823/crossbeam-deque-0.6.3/src/lib.rs:660:12
[INFO] [stderr]     31:     0x559a2f3278fd - rayon_core::registry::WorkerThread::steal::{{closure}}::h3c03dfe43f2c1bb2
[INFO] [stderr]                                  at /opt/rustwide/cargo-home/registry/src/github.com-1ecc6299db9ec823/rayon-core-1.5.0/src/registry.rs:764:27
[INFO] [stderr]     32:     0x559a2f32468b - core::ops::function::impls::<impl core::ops::function::FnMut<A> for &mut F>::call_mut::hb2642940fac949ac
[INFO] [stderr]                                  at /rustc/ff34b919075f35a1787659e9c448a34b06bab8de/library/core/src/ops/function.rs:269:13
[INFO] [stderr]     33:     0x559a2f319d01 - core::iter::traits::iterator::Iterator::find_map::check::{{closure}}::h692bb483da850fdc
[INFO] [stderr]                                  at /rustc/ff34b919075f35a1787659e9c448a34b06bab8de/library/core/src/iter/traits/iterator.rs:2384:32
[INFO] [stderr]     34:     0x559a2f313f8e - core::iter::adapters::filter::filter_try_fold::{{closure}}::h8a027fc41e40b352
[INFO] [stderr]                                  at /rustc/ff34b919075f35a1787659e9c448a34b06bab8de/library/core/src/iter/adapters/filter.rs:44:44
[INFO] [stderr]     35:     0x559a2f313d8c - core::ops::function::impls::<impl core::ops::function::FnMut<A> for &mut F>::call_mut::h5a16e8818c536dcb
[INFO] [stderr]                                  at /rustc/ff34b919075f35a1787659e9c448a34b06bab8de/library/core/src/ops/function.rs:269:13
[INFO] [stderr]     36:     0x559a2f319e89 - core::iter::traits::iterator::Iterator::try_fold::h1d3cfa48228980cf
[INFO] [stderr]                                  at /rustc/ff34b919075f35a1787659e9c448a34b06bab8de/library/core/src/iter/traits/iterator.rs:2006:21
[INFO] [stderr]     37:     0x559a2f32861f - <core::iter::adapters::chain::Chain<A,B> as core::iter::traits::iterator::Iterator>::try_fold::hd166ee89e260ef5d
[INFO] [stderr]                                  at /rustc/ff34b919075f35a1787659e9c448a34b06bab8de/library/core/src/iter/adapters/chain.rs:104:19
[INFO] [stderr]     38:     0x559a2f313b1c - <core::iter::adapters::filter::Filter<I,P> as core::iter::traits::iterator::Iterator>::try_fold::ha39aeb17d55a8069
[INFO] [stderr]                                  at /rustc/ff34b919075f35a1787659e9c448a34b06bab8de/library/core/src/iter/adapters/filter.rs:93:9
[INFO] [stderr]     39:     0x559a2f313eab - core::iter::traits::iterator::Iterator::find_map::h8b65c2a24ca33cfa
[INFO] [stderr]                                  at /rustc/ff34b919075f35a1787659e9c448a34b06bab8de/library/core/src/iter/traits/iterator.rs:2390:9
[INFO] [stderr]     40:     0x559a2f328999 - <core::iter::adapters::filter_map::FilterMap<I,F> as core::iter::traits::iterator::Iterator>::next::h476c40873bc730ff
[INFO] [stderr]                                  at /rustc/ff34b919075f35a1787659e9c448a34b06bab8de/library/core/src/iter/adapters/filter_map.rs:61:9
[INFO] [stderr]     41:     0x559a2f327833 - rayon_core::registry::WorkerThread::steal::h6d2c4bc51eeb01c7
[INFO] [stderr]                                  at /opt/rustwide/cargo-home/registry/src/github.com-1ecc6299db9ec823/rayon-core-1.5.0/src/registry.rs:758:9
[INFO] [stderr]     42:     0x559a2f327582 - rayon_core::registry::WorkerThread::wait_until_cold::{{closure}}::he870c87e2ad5ad1d
[INFO] [stderr]                                  at /opt/rustwide/cargo-home/registry/src/github.com-1ecc6299db9ec823/rayon-core-1.5.0/src/registry.rs:714:29
[INFO] [stderr]     43:     0x559a2f3175df - core::option::Option<T>::or_else::h757513aa54878ed7
[INFO] [stderr]                                  at /rustc/ff34b919075f35a1787659e9c448a34b06bab8de/library/core/src/option.rs:788:21
[INFO] [stderr]     44:     0x559a2f326e4f - rayon_core::registry::WorkerThread::wait_until_cold::h20ae783ba2536842
[INFO] [stderr]                                  at /opt/rustwide/cargo-home/registry/src/github.com-1ecc6299db9ec823/rayon-core-1.5.0/src/registry.rs:712:32
[INFO] [stderr]     45:     0x559a2f326c5e - rayon_core::registry::WorkerThread::wait_until::h1ed23711e32b6100
[INFO] [stderr]                                  at /opt/rustwide/cargo-home/registry/src/github.com-1ecc6299db9ec823/rayon-core-1.5.0/src/registry.rs:692:13
[INFO] [stderr]     46:     0x559a2f327e04 - rayon_core::registry::main_loop::hfe55fb9f05d1e6ac
[INFO] [stderr]                                  at /opt/rustwide/cargo-home/registry/src/github.com-1ecc6299db9ec823/rayon-core-1.5.0/src/registry.rs:812:5
[INFO] [stderr]     47:     0x559a2f32499d - rayon_core::registry::ThreadBuilder::run::h84adeca3cbe41fdb
[INFO] [stderr]                                  at /opt/rustwide/cargo-home/registry/src/github.com-1ecc6299db9ec823/rayon-core-1.5.0/src/registry.rs:58:18
[INFO] [stderr]     48:     0x559a2f324f0d - <rayon_core::registry::DefaultSpawn as rayon_core::registry::ThreadSpawn>::spawn::{{closure}}::h06958c153e55091a
[INFO] [stderr]                                  at /opt/rustwide/cargo-home/registry/src/github.com-1ecc6299db9ec823/rayon-core-1.5.0/src/registry.rs:103:20
[INFO] [stderr]     49:     0x559a2f319540 - std::sys_common::backtrace::__rust_begin_short_backtrace::hafb4c9aac6728ec4
[INFO] [stderr]                                  at /rustc/ff34b919075f35a1787659e9c448a34b06bab8de/library/std/src/sys_common/backtrace.rs:125:18
[INFO] [stderr]     50:     0x559a2f32227d - std::thread::Builder::spawn_unchecked::{{closure}}::{{closure}}::hfad20d69b97f083d
[INFO] [stderr]                                  at /rustc/ff34b919075f35a1787659e9c448a34b06bab8de/library/std/src/thread/mod.rs:481:17
[INFO] [stderr]     51:     0x559a2f311511 - <std::panic::AssertUnwindSafe<F> as core::ops::function::FnOnce<()>>::call_once::hb94f5d486a5e3419
[INFO] [stderr]                                  at /rustc/ff34b919075f35a1787659e9c448a34b06bab8de/library/std/src/panic.rs:344:9
[INFO] [stderr]     52:     0x559a2f30cc0c - std::panicking::try::do_call::h4f1d8b6ed7cfe308
[INFO] [stderr]                                  at /rustc/ff34b919075f35a1787659e9c448a34b06bab8de/library/std/src/panicking.rs:379:40
[INFO] [stderr]     53:     0x559a2f30ee9d - __rust_try
[INFO] [stderr]     54:     0x559a2f30c9c7 - std::panicking::try::h3195da724304a444
[INFO] [stderr]                                  at /rustc/ff34b919075f35a1787659e9c448a34b06bab8de/library/std/src/panicking.rs:343:19
[INFO] [stderr]     55:     0x559a2f3120a1 - std::panic::catch_unwind::h625cf9842e7279d0
[INFO] [stderr]                                  at /rustc/ff34b919075f35a1787659e9c448a34b06bab8de/library/std/src/panic.rs:431:14
[INFO] [stderr]     56:     0x559a2f322081 - std::thread::Builder::spawn_unchecked::{{closure}}::h7ae9903b57f7b036
[INFO] [stderr]                                  at /rustc/ff34b919075f35a1787659e9c448a34b06bab8de/library/std/src/thread/mod.rs:480:30
[INFO] [stderr]     57:     0x559a2f31e49f - core::ops::function::FnOnce::call_once{{vtable.shim}}::h745dc9dd4e148e20
[INFO] [stderr]                                  at /rustc/ff34b919075f35a1787659e9c448a34b06bab8de/library/core/src/ops/function.rs:227:5
[INFO] [stderr]     58:     0x559a2f36a987 - <alloc::boxed::Box<F,A> as core::ops::function::FnOnce<Args>>::call_once::h3aa31cb6360b59d9
[INFO] [stderr]                                  at /rustc/ff34b919075f35a1787659e9c448a34b06bab8de/library/alloc/src/boxed.rs:1575:9
[INFO] [stderr]     59:     0x559a2f36a987 - <alloc::boxed::Box<F,A> as core::ops::function::FnOnce<Args>>::call_once::h7719d3c7c5841461
[INFO] [stderr]                                  at /rustc/ff34b919075f35a1787659e9c448a34b06bab8de/library/alloc/src/boxed.rs:1575:9
[INFO] [stderr]     60:     0x559a2f36a987 - std::sys::unix::thread::Thread::new::thread_start::hfbe13ead469fd0bc
[INFO] [stderr]                                  at /rustc/ff34b919075f35a1787659e9c448a34b06bab8de/library/std/src/sys/unix/thread.rs:71:17
[INFO] [stderr]     61:     0x7ff4ff8e5609 - start_thread
[INFO] [stderr]     62:     0x7ff4ff806293 - clone
[INFO] [stderr]     63:                0x0 - <unknown>
[INFO] [stderr]   Rayon: detected unexpected panic; aborting
[INFO] [stderr] warning: build failed, waiting for other jobs to finish...
[INFO] [stderr] error: build failed
[INFO] running `Command { std: "docker" "inspect" "25ebe11ebfb2761634ef9f439f49af55b3292c6e775738d54f5e0e0cf0b07bc0", kill_on_drop: false }`
[INFO] running `Command { std: "docker" "rm" "-f" "25ebe11ebfb2761634ef9f439f49af55b3292c6e775738d54f5e0e0cf0b07bc0", kill_on_drop: false }`
[INFO] [stdout] 25ebe11ebfb2761634ef9f439f49af55b3292c6e775738d54f5e0e0cf0b07bc0
